divided by 55.
30
Calculate the remainder when 168 is divided by 106.
62
Calculate the remainder when 846 is divided by 11.
10
Calculate the remainder when 1480 is divided by 99.
94
Calculate the remainder when 2100 is divided by 173.
24
What is the remainder when 311 is divided by 35?
31
What is the remainder when 857 is divided by 121?
10
Calculate the remainder when 518 is divided by 133.
119
Calculate the remainder when 48 is divided by 10.
8
What is the remainder when 82 is divided by 70?
12
What is the remainder when 44 is divided by 6?
2
Calculate the remainder when 3007 is divided by 251.
246
What is the remainder when 363 is divided by 7?
6
Calculate the remainder when 440 is divided by 7.
6
What is the remainder when 130 is divided by 3?
1
Calculate the remainder when 189 is divided by 48.
45
What is the remainder when 569 is divided by 13?
10
What is the remainder when 170 is divided by 30?
20
Calculate the remainder when 44411 is divided by 14800.
11
What is the remainder when 437 is divided by 45?
32
Calculate the remainder when 845 is divided by 144.
125
What is the remainder when 47 is divided by 26?
21
What is the remainder when 106 is divided by 42?
22
Calculate the remainder when 143 is divided by 25.
18
Calculate the remainder when 2678 is divided by 889.
11
Calculate the remainder when 236 is divided by 64.
44
What is the remainder when 1953 is divided by 11?
6
What is the remainder when 1198 is divided by 120?
118
What is the remainder when 164 is divided by 14?
10
Calculate the remainder when 7499 is divided by 31.
28
What is the remainder when 1119 is divided by 221?
14
Calculate the remainder when 1270 is divided by 107.
93
Calculate the remainder when 211 is divided by 77.
57
Calculate the remainder when 96 is divided by 33.
30
Calculate the remainder when 601 is divided by 202.
197
What is the remainder when 42479 is divided by 180?
179
Calculate the remainder when 8691 is divided by 46.
43
Calculate the remainder when 196 is divided by 9.
7
What is the remainder when 605 is divided by 15?
5
Calculate the remainder when 87 is divided by 30.
27
What is the remainder when 486 is divided by 152?
30
What is the remainder when 848 is divided by 34?
32
What is the remainder when 17 is divided by 12?
5
Calculate the remainder when 9385 is divided by 26.
25
What is the remainder when 476 is divided by 228?
20
Calculate the remainder when 125 is divided by 22.
15
Calculate the remainder when 344 is divided by 69.
68
Calculate the remainder when 1093 is divided by 231.
169
Calculate the remainder when 185 is divided by 6.
5
What is the remainder when 213 is divided by 190?
23
Calculate the remainder when 1191 is divided by 307.
270
Calculate the remainder when 306 is divided by 22.
20
Calculate the remainder when 48 is divided by 25.
23
Calculate the remainder when 661 is divided by 94.
3
What is the remainder when 76 is divided by 73?
3
Calculate the remainder when 26 is divided by 12.
2
What is the remainder when 121 is divided by 21?
16
Calculate the remainder when 1439 is divided by 19.
14
What is the remainder when 294 is divided by 45?
24
What is the remainder when 1227 is divided by 28?
23
What is the remainder when 2954 is divided by 417?
35
What is the remainder when 16 is divided by 1?
0
What is the remainder when 2325 is divided by 579?
9
What is the remainder when 1312 is divided by 64?
32
Calculate the remainder when 181 is divided by 23.
20
Calculate the remainder when 186 is divided by 25.
11
What is the remainder when 23990 is divided by 62?
58
Calculate the remainder when 88 is divided by 9.
7
Calculate the remainder when 866 is divided by 67.
62
Calculate the remainder when 631 is divided by 113.
66
Calculate the remainder when 300 is divided by 76.
72
Calculate the remainder when 256 is divided by 68.
52
What is the remainder when 2252 is divided by 2212?
40
Calculate the remainder when 274 is divided by 92.
90
What is the remainder when 171 is divided by 36?
27
What is the remainder when 9179 is divided by 20?
19
Calculate the remainder when 108 is divided by 19.
13
Calculate the remainder when 1707 is divided by 130.
17
Calculate the remainder when 504 is divided by 122.
16
Calculate the remainder when 114 is divided by 31.
21
What is the remainder when 5417 is divided by 7?
6
Calculate the remainder when 1362 is divided by 151.
3
What is the remainder when 209 is divided by 90?
29
Calculate the remainder when 1174 is divided by 101.
63
Calculate the remainder when 52 is divided by 14.
10
Calculate the remainder when 362 is divided by 177.
8
What is the remainder when 264 is divided by 53?
52
What is the remainder when 40 is divided by 2?
0
Calculate the remainder when 4989 is divided by 156.
153
What is the remainder when 78 is divided by 61?
17
Calculate the remainder when 197 is divided by 46.
13
What is the remainder when 1300 is divided by 101?
88
What is the remainder when 250 is divided by 21?
19
What is the remainder when 70 is divided by 12?
10
What is the remainder when 6156 is divided by 154?
150
Calculate the remainder when 33 is divided by 14.
5
What is the remainder when 2127 is divided by 30?
27
What is the remainder when 90 is divided by 28?
6
Calculate the remainder when 385 is divided by 43.
41
What is the remainder when 126 is divided by 66?
60
Calculate the remainder when 64 is divided by 48.
16
Calculate the remainder when 4210 is divided by 18.
16
Calculate the remainder when 179 is divided by 175.
4
Calculate the remainder when 688 is divided by 69.
67
What is the remainder when 1342 is divided by 665?
12
What is the remainder when 54 is divided by 33?
21
Calculate the remainder when 2291 is divided by 5.
1
Calculate the remainder when 2683 is divided by 532.
23
What is the remainder when 1097 is divided by 110?
107
What is the remainder when 161 is divided by 49?
14
What is the remainder when 246 is divided by 77?
15
Calculate the remainder when 1609 is divided by 9.
7
Calculate the remainder when 310 is divided by 39.
37
What is the remainder when 137 is divided by 71?
66
What is the remainder when 189 is divided by 32?
29
What is the remainder when 67 is divided by 3?
1
Calculate the remainder when 12273 is divided by 36.
33
What is the remainder when 163 is divided by 12?
7
Calculate the remainder when 153 is divided by 23.
15
What is the remainder when 557 is divided by 35?
32
What is the remainder when 368 is divided by 25?
18
What is the remainder when 24517 is divided by 61?
56
What is the remainder when 29 is divided by 17?
12
What is the remainder when 670 is divided by 166?
6
Calculate the remainder when 1265 is divided by 385.
110
What is the remainder when 76 is divided by 30?
16
What is the remainder when 390 is divided by 178?
34
What is the remainder when 3875 is divided by 19?
18
What is the remainder when 403 is divided by 114?
61
Calculate the remainder when 8375 is divided by 310.
5
Calculate the remainder when 569 is divided by 11.
8
What is the remainder when 3869 is divided by 121?
118
What is the remainder when 193 is divided by 91?
11
What is the remainder when 663 is divided by 245?
173
Calculate the remainder when 920 is divided by 86.
60
Calculate the remainder when 477 is divided by 37.
33
What is the remainder when 169 is divided by 9?
7
Calculate the remainder when 237 is divided by 16.
13
Calculate the remainder when 649 is divided by 122.
39
What is the remainder when 170 is divided by 51?
17
Calculate the remainder when 153 is divided by 12.
9
Calculate the remainder when 139 is divided by 12.
7
What is the remainder when 164 is divided by 84?
80
Calculate the remainder when 286 is divided by 215.
71
Calculate the remainder when 101 is divided by 21.
17
Calculate the remainder when 956 is divided by 130.
46
What is the remainder when 603 is divided by 69?
51
What is the remainder when 877 is divided by 44?
41
What is the remainder when 169 is divided by 5?
4
What is the remainder when 923 is divided by 268?
119
What is the remainder when 129 is divided by 13?
12
Calculate the remainder when 1558 is divided by 39.
37
Calculate the remainder when 84 is divided by 4.
0
What is the remainder when 1523 is divided by 467?
122
Calculate the remainder wh